))/(10/(-75)). Calculate the greatest common divisor of 25 and o.
5
Let p(b) = b**2 + 9*b + 1. Let c(l) = -l**2 - 10*l. Let f(k) = 5*c(k) + 6*p(k). Let h be f(-5). What is the greatest common factor of h and 22?
11
Suppose -29*d = -13*d - 672. Calculate the highest common factor of 56 and d.
14
Let t = 7 + 0. Let m be (-344)/(-28) + (-2)/t. Suppose m = -3*v + y + 43, -v + 19 = 4*y. Calculate the greatest common factor of v and 1.
1
Let d be (-15)/(-10) + (0 - 3/6). What is the greatest common factor of d and 1?
1
Let m(z) = z**3 - 9*z**2 + 12*z - 11. Let d be m(8). Calculate the greatest common divisor of 42 and d.
21
Suppose 5*b + 60 + 345 = 0. Let n = -11 + b. Let s be 2/6 - n/12. What is the highest common divisor of 20 and s?
4
Let x = 3 - 2. Let f(p) be the third derivative of p**5/60 - p**4/8 + p**3/6 + 3*p**2. Let b be f(3). What is the highest common factor of b and x?
1
Let s(k) = -k**3 + 11*k**2 - 6*k - 1. Let r be s(7). Calculate the greatest common divisor of 17 and r.
17
Let w = 0 - -3. Let k(a) = 14*a - 3. Let p be k(w). What is the greatest common factor of 13 and p?
13
Let s(v) be the first derivative of v**2/2 + 10*v - 1. Let t be s(0). Let k be (15/t)/((-1)/(-8)). Calculate the highest common divisor of k and 60.
12
Let k be 2/(-4) - (-1695)/30. Suppose -k = -6*x + 2*x. Calculate the greatest common divisor of 2 and x.
2
Suppose 8 = -2*c + 38. Let n = -9 + c. Calculate the highest common divisor of 30 and n.
6
Suppose 2*c + 0*h - 412 = 2*h, 3*c - 646 = -4*h. What is the highest common divisor of c and 42?
42
Suppose -4*j + j - 2*f = -73, 4*j + 3*f = 97. What is the greatest common divisor of 5 and j?
5
Suppose m - 2*j - 26 = 0, 0 = 4*m - j - 2*j - 94. Let f be m/6 + (-10)/15. Suppose 0 = -f*v + 45 + 9. Calculate the highest common divisor of v and 72.
18
Let b be (2/(-6))/(2/(-120)). Let h = 33 - b. What is the highest common factor of 52 and h?
13
Let n(i) = 8*i + 5. Let p be n(6). Suppose -p = -3*l + 4*v, -2*l + 3*v = v - 32. What is the highest common factor of 121 and l?
11
Let w(z) = 2*z + 9. Let t be w(11). What is the highest common factor of t and 62?
31
Let g(x) = -x**2 - 9*x - 2. Let h be g(-8). Suppose h*l - 3*l = 15. Suppose -9*j + 75 = -4*j. What is the highest common factor of l and j?
5
Let h = -130 + 660. Suppose 74 = -3*l + h. What is the highest common factor of 19 and l?
19
Suppose -2128 = -9*z - 373. Calculate the highest common factor of z and 39.
39
Let j be (2/3)/((-6)/45). Let m = j - -9. Calculate the highest common divisor of 20 and m.
4
Suppose 0 = 5*a - 25, -6*a = 4*t - 2*a + 68. Let z be (-55)/t*(6 + -2). What is the highest common divisor of 10 and z?
10
Let g = 13 - 8. Suppose -16 = 4*i, 6*i = 5*w + 3*i - 47. Suppose -u + w = -g*c, -3*u = -3*c + 1 - 22. Calculate the greatest common factor of 56 and u.
7
Let l = -32 + 44. Let b(p) = -2*p + 3. Let z be b(4). Let m(t) = t**3 + 5*t**2 - 2*t + 2. Let w be m(z). What is the highest common divisor of w and l?
12
Suppose -5*b + 4*b = -72. Calculate the greatest common divisor of 24 and b.
24
Suppose -3*m - 112 = -4*b + m, -b + 36 = m. Let z be (8/5)/(2/10). What is the greatest common factor of b and z?
8
Suppose 162 = 3*u - u + 2*y, -4*y = -12. Calculate the highest common divisor of u and 52.
26
Suppose 4*x - 50 = -x - q, -2*x = 2*q - 28. Calculate the greatest common factor of x and 27.
9
Let n(f) = -20*f + 1. Let s be n(1). Let j = 27 + s. What is the greatest common factor of 4 and j?
4
Let w = -382 - -603. Calculate the greatest common divisor of w and 17.
17
Let r be (-3 + 2 - 0) + (-20)/(-4). What is the greatest common factor of 4 and r?
4
Let s be 1/(-4) + (-19)/4. Let p = 6 - s. What is the greatest common factor of p and 1?
1
Let i be (-5)/20 + (-9)/(-4). What is the greatest common divisor of 22 and i?
2
Suppose -102 + 37 = -5*h. Let s be (h - 9)/(-1 + 3). What is the greatest common factor of s and 1?
1
Let x = -12 + 19. What is the greatest common divisor of x and 21?
7
Suppose -5*u + 19 = -2*u + 2*v, 0 = -3*v + 15. Suppose -u*t - 5*o = -16, 3*t - 4*o - 18 = t. Calculate the greatest common factor of t and 63.
7
Let r = 157 + -87. Suppose -2*x + 136 = 2*d, 2*d - r = -x + 68. Suppose 4*n = -n + d. Calculate the greatest common factor of n and 154.
14
Suppose 0 = 4*g - 5 - 23. Let k(l) = -l**3 + 2*l**2 - g*l + 16*l + 4*l**2 - 7. Let a be k(7). Calculate the highest common factor of a and 14.
7
Let w = 3 + -3. Suppose -4 = -h - w. Suppose -17 = h*t - 57. Calculate the greatest common divisor of t and 50.
10
Suppose -5*v = 4*c - 7*c + 23, -c + 1 = 5*v. Calculate the highest common divisor of 9 and c.
3
Let w be 1*5 + 10/(-5). Let t be w + (0 - -2)/2. What is the greatest common factor of 2 and t?
2
Let m be (-9)/1*6/9. Let j = m + 9. Suppose -j*h + 4*c = -h - 20, 3*h - 2*c - 18 = 0. Calculate the greatest common divisor of h and 36.
4
Let y be 3 + 0 + 11 + 2. Suppose -k + 84 = -z, 2*k - 3*z - 234 = -62. What is the greatest common factor of y and k?
16
Suppose 2*s + 8 = h - s, s - 4 = -h. Suppose 12 - 72 = -h*d. Calculate the highest common divisor of d and 48.
12
Suppose 4*u - 3 = 1. Suppose -2*i + u = -1. What is the highest common divisor of 3 and i?
1
Let b be (-6)/(-15) + (-37)/5. Let m be (-126)/b + -1 + -1. Suppose -m = 3*p - 4*p. What is the greatest common divisor of 112 and p?
16
Suppose -5*i - 6 - 34 = 0. Let k = i + 18. What is the greatest common factor of 40 and k?
10
Suppose r + 5*t - 5 = 0, -2*r + 96 - 38 = -2*t. Calculate the greatest common factor of r and 200.
25
Let l(q) = q + 14. Let x be l(-6). Suppose 0*c = 3*c. Suppose -3*h + 0*h + 168 = c. What is the greatest common divisor of h and x?
8
Suppose -5*c - 3*i + 234 = 0, 3*i + 86 = 5*c - 160. Calculate the highest common factor of 24 and c.
24
Let o(g) = g**2 - 9*g + 2. Let v = 5 + 6. Let h be o(v). What is the greatest common factor of 16 and h?
8
Suppose -n = -1, 3*w - 5*n = -13 + 2. Let u be (-2)/w + (-1 - -1). Suppose 4*j = -j + 20. What is the greatest common divisor of j and u?
1
Suppose 6*q - 2 = 22. Calculate the greatest common factor of q and 4.
4
Suppose 3*m = 3*x + 12, 0*x - 5*m = -x - 12. Let g be (-2 + 2 + 17)*x. Let t = g + 48. Calculate the greatest common divisor of t and 28.
14
Suppose 2*n - 2 = 10. Let t(p) = 2*p**2 + 3*p - 10. Let q be t(2). Calculate the highest common divisor of n and q.
2
Let u = 38 + -10. Calculate the highest common factor of 7 and u.
7
Suppose o = 9*j - 5*j - 73, -5*o = 2*j - 53. Suppose -r - 2*u + 186 = 0, -578 = -3*r + 7*u - 3*u. What is the greatest common divisor of j and r?
19
Let i(b) = 3*b**2 - b**2 - 4 - 12*b + b**2 - 4*b**2. Let u be i(-9). Calculate the highest common divisor of 207 and u.
23
Let r(l) = l**2 - 8*l - 15. Let a be r(13). Let o(q) = -q**3 - 8*q**2 - 2*q + 4. Let w be o(-8). What is the highest common factor of w and a?
10
Let q(c) = c**3 - 9*c**2 + 9*c - 5. Let l be q(8). Suppose -7*n + l*n - 40 = 0. Let w = n + 23. What is the greatest common factor of 104 and w?
13
Suppose -3*d - 19 = -118. Let k be (3/3)/(3/d). What is the greatest common divisor of 22 and k?
11
Let n = -211 - -299. Let g = 18 - 10. Calculate the highest common divisor of g and n.
8
Let u = 342 + -187. Let d = u - 87. Let m = d + -23. Calculate the highest common factor of m and 15.
15
Let n(m) = -m. Let c be n(-3). Let x be c/(-6)*-2 + 103. Calculate the highest common factor of 13 and x.
13
Suppose -3*l = 13 - 133. Suppose -x = -5, -2*x - 28 = -2*b + 30. Let j = b + -24. What is the highest common divisor of l and j?
10
Suppose m + 80 = 5*m. Let r(i) = 239*i. Let h be r(1). Suppose n - 500 = -5*t, 2*t - n + 39 - h = 0. Calculate the greatest common divisor of m and t.
20
Let c be (3/(-2))/(9/(-18)). Let f be -2 + (c - (1 + -1)). What is the greatest common divisor of f and 2?
1
Suppose b = 137 - 29. What is the greatest common divisor of 12 and b?
12
Suppose 14 + 0 = 3*r - a, 0 = 2*r + 3*a - 24. Calculate the greatest common divisor of 6 and r.
6
Let f be ((-8)/12)/((-8)/84). What is the highest common divisor of f and 35?
7
Let h(a) = a**3 - a + 11. Let c be -3 + 0 - -1*5. Suppose -3*i = 3*p + i - 8, c = 2*p + i. Let g be h(p). What is the highest common factor of g and 22?
11
Suppose 0 = -5*x + 23 + 37. Calculate the highest 